e prime factors of u(c).
2, 7
Suppose 6*k - 7*k = -1. Let l be (k/1)/1 - 46. List the prime factors of (3/(-9) + 0)*l.
3, 5
Suppose -m - 3 = -7. Suppose -3*g = -4*n - 14, -g - m*n - 26 = -4. List the prime factors of 2/g + (13 - 7).
5
Suppose -5*q + 23 + 42 = 0. List the prime factors of q.
13
Let c be 20/6*30/(-4). Let q = -17 - c. What are the prime factors of q?
2
Let a be 264/(-10) - (-9)/(-15). Let b = a + 51. What are the prime factors of b?
2, 3
Let h(j) = -j + 3. Let f be h(3). Suppose -3*l + 23 - 5 = f. What are the prime factors of l?
2, 3
Let c(f) = 6 - 11 - 5*f - 4 + 3*f. List the prime factors of c(-7).
5
What are the prime factors of (-2)/(3 - (-316)/(-104))?
2, 13
List the prime factors of 15/(-10)*136/(-6).
2, 17
Suppose 0*c = 4*c + 4*j - 100, -3*c = -2*j - 95. What are the prime factors of c?
29
Suppose -44 = t - 5*t. Let h = t + 17. What are the prime factors of h?
2, 7
List the prime factors of 6/27 + (806/(-18))/(-1).
3, 5
Let u(l) = -1 - 4 + 3 - 1 - l. Let n be u(5). Let z = n - -10. List the prime factors of z.
2
Suppose 5*v - 3*v - y = 60, 0 = -5*v + 5*y + 150. List the prime factors of v.
2, 3, 5
Let o(w) = w**2 + 2*w - 1. Let u be o(1). Let j = u + 1. List the prime factors of j.
3
Let z = 65 + -39. Let u = z - 9. List the prime factors of u.
17
Let x(s) = s**3 - 8*s**2 - 7*s - 2. List the prime factors of x(9).
2
Let b = 312 + -201. List the prime factors of b.
3, 37
Let a = -61 + 101. Suppose a = 2*l - 4*l. What are the prime factors of l/(-2)*(-3)/(-6)?
5
List the prime factors of ((-68)/16 + -1)*(2 + -6).
3, 7
Suppose -3*r = -3*u - 18, -4 = -3*u - 13. Let w = r - -15. Suppose m = -m + w. What are the prime factors of m?
3
Suppose -3*y - 4*r = -2*r - 11, -20 = 4*r. Let o = 7 - y. Suppose -3*b - 5*m - 10 = o, 3*b + b - 5*m = 45. List the prime factors of b.
5
Let a = -16 - -53. What are the prime factors of a?
37
Let k be (3 - 0) + 0/1. Suppose 1 + k = 2*i. Let g = 6 - i. List the prime factors of g.
2
Let m = 0 + -1. Let x(l) = -4*l**3 - l**2 + 1. Let d be x(m). Suppose 0 = 8*b - 3*b - 3*f - 39, -2*f = -d. List the prime factors of b.
3
Suppose 3*s + 4 = -14. Let b(h) = -2*h**2 + 4*h - 1. Let n(p) = -p**2 + 5*p. Let w(f) = 2*b(f) - 3*n(f). What are the prime factors of w(s)?
2
Suppose 2*z = -z - r + 83, -3*z = 2*r - 88. List the prime factors of z.
2, 13
Let r(n) = -2*n + 6. Let u be r(6). Let w(i) = i**3 + 7*i**2 + 2*i - 2. What are the prime factors of w(u)?
2, 11
Suppose 4*r + 0*r = 68. List the prime factors of r.
17
Let a(b) = 3*b**2 + b - 2. Let i be a(2). Let k(r) = -4*r**2 - 11*r - 5*r**2 - i + 2*r**3 - 3*r**3. List the prime factors of k(-8).
2, 3
Suppose 0 = -13*z + 5*z + 1704. List the prime factors of z.
3, 71
Suppose 5*y + v = 143 + 82, -5*v = 0. List the prime factors of y.
3, 5
Suppose -4*u - 5*w - 46 = -514, -3*u + 5*w = -316. List the prime factors of u.
2, 7
Let k(h) = h**3 + 7*h**2 + 3*h + 1. Suppose 0 = -4*f - 0*f + 8. Suppose f*d = -10 - 2. List the prime factors of k(d).
19
Suppose 11*j = 6*j. Suppose j*h - 8 = -2*h. List the prime factors of h.
2
List the prime factors of (9/(-4))/((-2)/16).
2, 3
Suppose -o = 3*o - 8. Suppose -3*l - 36 = -6*l - 3*n, 0 = -o*l + 3*n + 24. Suppose 4*h - 34 = -5*t, -h - l - 2 = -t. What are the prime factors of t?
2, 5
Let u(g) be the second derivative of g**5/20 - g**4/12 - g**3/6 - 7*g**2/2 - 4*g. Let t be u(0). Let w = t - -23. What are the prime factors of w?
2
Suppose -4*k + 2*v = -v - 215, 3*k + 3*v = 135. What are the prime factors of k?
2, 5
Suppose -13*l = -14*l + 7. What are the prime factors of l?
7
Suppose -100 = 3*p + p. Let z = p - -40. List the prime factors of z.
3, 5
Suppose 8*a = 4*a + 176. What are the prime factors of a?
2, 11
Suppose 16 = 2*u - 26. What are the prime factors of u?
3, 7
Suppose 3*g + 9 = 0, 2*f - 105 = f - g. What are the prime factors of f?
2, 3
Let a be (-2)/(-3) + 600/18. Let f = a + -6. What are the prime factors of f?
2, 7
Suppose -v - 5*v + 390 = 0. List the prime factors of v.
5, 13
Suppose -4*z + u = 3*u - 170, -169 = -4*z - u. Suppose -4*l - 92 = 20. Let j = z + l. List the prime factors of j.
2, 7
Suppose z - 5*z + 8 = 0. Suppose z*s - 2 = -2*w, -2*w + 14 = -0*s + 5*s. Suppose s*n + 76 = 3*u + 2*u, 40 = 5*u + 5*n. List the prime factors of u.
2, 3
Let z(w) = -w**3 - 10*w**2 - 9*w + 5. Let c be z(-9). Suppose c*l - 10 = -0. What are the prime factors of (l/4)/((-1)/(-12))?
2, 3
Let y(c) = -c**2 + 4*c - 1. Let s be y(3). Let q be -2*1*24/s. List the prime factors of (-3)/4 - 498/q.
2, 5
Let s(a) be the third derivative of a**6/120 + a**5/10 - 3*a**4/8 + a**2. Let b be s(-7). List the prime factors of 6/(-21) - (-32)/b.
2
Let z be (-4)/10 + 188/20. Let c = z + -2. What are the prime factors of c?
7
Let o = -142 - -279. What are the prime factors of o?
137
Let h = 46 + -29. List the prime factors of h.
17
Let m(f) = f**2 - 9*f + 9. Let i be m(6). Let v = i + 17. What are the prime factors of v?
2
Let f(q) be the second derivative of q**4/12 - q**3/3 - 7*q**2/2 + q. List the prime factors of f(5).
2
Suppose -8*d - 56 = -10*d. What are the prime factors of d?
2, 7
Let p be (0/2)/((-3)/3). Let s(m) = -m**3 - 3*m**2 - 4 + p*m**3 + 7*m**2. List the prime factors of s(3).
5
Let b(x) be the third derivative of x**6/120 - x**5/10 - 5*x**4/24 - x**3/6 - 2*x**2. What are the prime factors of b(7)?
13
Let j = 69 - 20. List the prime factors of j.
7
Let n = -12 + 11. Let l = -6 + 18. Let w = l - n. What are the prime factors of w?
13
Let k(i) = -i**3 + 6*i**2 + 6*i + 9. Let b be k(7). Suppose b = 5*x - 13. Suppose 2*q - x*q = -8. What are the prime factors of q?
2
Let d = 39 - 17. List the prime factors of d.
2, 11
Let w = 99 - 86. List the prime factors of w.
13
Let q(a) = 2*a**3 - a**2 + 3*a - 1. List the prime factors of q(2).
17
Let r(g) = 13*g**2 + g. Let u be r(-1). Let k be ((-2)/(-6))/(5/45). Suppose -o + u = q, -k*o + q + q = -16. What are the prime factors of o?
2
Suppose 2*q = q + 6. Let p(g) = 2*g - 8. List the prime factors of p(q).
2
Let k(m) = m**2 - 8*m + 5. Let a be k(8). Suppose a*w - 40 = -4*i, 2*i - 2*w = 2*w + 46. What are the prime factors of i?
3, 5
Suppose 0 = 3*n + 2*n. Suppose n*i = -i + 1. Suppose -3*p - 4*m + 30 = 0, -p + 9 = m - i. List the prime factors of p.
2, 5
Suppose 3*i - 292 = i. List the prime factors of i.
2, 73
Let c(i) = 3*i - 3. Let p be ((-2)/6)/(2/(-18)). Let t be c(p). Suppose -56 = d - t*d + g, 0 = 2*d + 5*g - 17. What are the prime factors of d?
11
Let c = 22 - 18. Suppose -2*a + 50 = 4*l, 0 = a + c*a + 4*l - 113. What are the prime factors of a?
3, 7
Suppose 95 = 5*k + u, -4*u - 16 = -2*k + 22. What are the prime factors of k?
19
List the prime factors of -1 - -3 - (9 + -40).
3, 11
Suppose -3*c = 2*p - 5*c - 14, 3*c = -9. Suppose 0 = 3*h - 6*h - p*s + 20, -4*s = -8. Suppose -h = -3*q + 17. What are the prime factors of q?
7
Suppose -2 = -5*w - 7. Let f = 3 + w. What are the prime factors of f?
2
Suppose 2*i = -j - 4*j - 25, 2*j + 2 = 0. List the prime factors of ((-7)/(-14))/((-1)/i).
5
Let r(q) = 12*q**2 + 6*q - 4. List the prime factors of r(1).
2, 7
Suppose -2*u + 5 + 1 = 0. Suppose 2*h + u*h - 80 = 0. Let t = h - 9. What are the prime factors of t?
7
Suppose 0 = 3*q - 5*q + 8. Suppose -g = -q - 3. What are the prime factors of g?
7
Suppose o - 10 = -0*o. Suppose 0 = -2*s - 4, -2*d - 5*s = -s + 8. Let u = o - d. What are the prime factors of u?
2, 5
Let q = 49 + 65. Suppose f - q = -f. Suppose -4*w + f = -3. List the prime factors of w.
3, 5
Let o(s) be the first derivative of -s**4/4 + s**2/2 - s + 4. Let l be o(1). What are the prime factors of (-2 - -3)*l - -9?
2
Let u(t) = 11. Let l(c) = -c. Let s(a) = -2*l(a) + 2*u(a). What are the prime factors of s(-9)?
2
Let u be (5/(-2) + 2)*-6. Suppose -q - u*q = -24. Suppose 0 = 2*g - 0 - q. List the prime factors of g.
3
Let m = 9 + -7. Suppose 0 = 5*p + 2*b - 49, m*p - 3*b - 21 = -p. List the prime factors of p.
3
Let z(c) = c**3 + 8*c**2 + 6*c - 9. Let m be z(-7). Let f be -2 + 5 + 0/m. Suppose f*r - 6 = 18. What are the prime factors of r?
2
Let v(a) = -a**3 + 4*a**2 - 2*a - 2. Let d be v(2). Let t = 1 + d. Suppose 58 = t*y + 4. What are the prime factors of y?
2, 3
Suppose -4*i - 28 = -4*b, 0 = -3*b + 3*i - 4*i + 9. Suppose 71 + 